{"id":35,"date":"2026-01-03T16:16:41","date_gmt":"2026-01-03T16:16:41","guid":{"rendered":"https:\/\/perroquet-perroquets.com\/formations\/?page_id=35"},"modified":"2026-01-31T14:25:16","modified_gmt":"2026-01-31T14:25:16","slug":"video-dvd-la-tripolarite-comportementale-des-perroquets","status":"publish","type":"page","link":"https:\/\/perroquet-perroquets.com\/formations\/index.php\/video-dvd-la-tripolarite-comportementale-des-perroquets\/","title":{"rendered":"Vid\u00e9o: DVD La tripolarit\u00e9 comportementale des perroquets"},"content":{"rendered":"\n<p>Retrouvez la version en ligne du DVD de 2004 avec Johanne Vaillancourt. Dur\u00e9e 1h40 r\u00e9partie en 5 sections.<\/p>\n\n\n\n<p>Achat de visionnement requis sur la boutique CAJV: <a href=\"https:\/\/www.perroquet-perroquets.com\/boutique\/livres-DVD.php\" target=\"_blank\" rel=\"noreferrer noopener\">https:\/\/www.perroquet-perroquets.com\/boutique\/livres-DVD.php<\/a><\/p>\n\n\n\n<p><a href=\"https:\/\/perroquet-perroquets.com\/formations\/index.php\/dvd-la-tripolarite-comportementale\/\" data-type=\"page\" data-id=\"27\">DVD La tripolarit\u00e9 comportementale 1<\/a> <\/p>\n\n\n\n<p><a href=\"https:\/\/perroquet-perroquets.com\/formations\/index.php\/dvd-la-tripolarite-comportementale-2\/\" data-type=\"page\" data-id=\"44\">DVD La tripolarit\u00e9 comportementale 2<\/a><\/p>\n\n\n\n<p><a href=\"https:\/\/perroquet-perroquets.com\/formations\/index.php\/dvd-la-tripolarite-comportementale-3\/\" data-type=\"page\" data-id=\"46\">DVD La tripolarit\u00e9 comportementale 3<\/a><\/p>\n\n\n\n<p><a href=\"https:\/\/perroquet-perroquets.com\/formations\/index.php\/dvd-la-tripolarite-comportementale-4\/\" data-type=\"page\" data-id=\"50\">DVD La tripolarit\u00e9 comportementale 4<\/a><\/p>\n\n\n\n<p><\/p>\n","protected":false},"excerpt":{"rendered":"<p>Retrouvez la version en ligne du DVD de 2004 avec Johanne Vaillancourt. Dur\u00e9e 1h40 r\u00e9partie en 5 sections. Achat de visionnement requis sur la boutique CAJV: https:\/\/www.perroquet-perroquets.com\/boutique\/livres-DVD.php DVD La tripolarit\u00e9 comportementale 1 DVD La tripolarit\u00e9 comportementale 2 DVD La tripolarit\u00e9 comportementale 3 DVD La tripolarit\u00e9 comportementale 4<\/p>\n","protected":false},"author":1,"featured_media":0,"parent":0,"menu_order":0,"comment_status":"closed","ping_status":"closed","template":"","meta":{"footnotes":""},"class_list":["post-35","page","type-page","status-publish","hentry"],"_links":{"self":[{"href":"https:\/\/perroquet-perroquets.com\/formations\/index.php\/wp-json\/wp\/v2\/pages\/35","targetHints":{"allow":["GET"]}}],"collection":[{"href":"https:\/\/perroquet-perroquets.com\/formations\/index.php\/wp-json\/wp\/v2\/pages"}],"about":[{"href":"https:\/\/perroquet-perroquets.com\/formations\/index.php\/wp-json\/wp\/v2\/types\/page"}],"author":[{"embeddable":true,"href":"https:\/\/perroquet-perroquets.com\/formations\/index.php\/wp-json\/wp\/v2\/users\/1"}],"replies":[{"embeddable":true,"href":"https:\/\/perroquet-perroquets.com\/formations\/index.php\/wp-json\/wp\/v2\/comments?post=35"}],"version-history":[{"count":5,"href":"https:\/\/perroquet-perroquets.com\/formations\/index.php\/wp-json\/wp\/v2\/pages\/35\/revisions"}],"predecessor-version":[{"id":139,"href":"https:\/\/perroquet-perroquets.com\/formations\/index.php\/wp-json\/wp\/v2\/pages\/35\/revisions\/139"}],"wp:attachment":[{"href":"https:\/\/perroquet-perroquets.com\/formations\/index.php\/wp-json\/wp\/v2\/media?parent=35"}],"curies":[{"name":"wp","href":"https:\/\/api.w.org\/{rel}","templated":true}]}}